{"id":1128,"date":"2026-04-16T08:58:13","date_gmt":"2026-04-16T08:58:13","guid":{"rendered":"https:\/\/pgvqvhfi.elementor.cloud\/accueil\/"},"modified":"2026-04-16T19:48:50","modified_gmt":"2026-04-16T17:48:50","slug":"accueil-2","status":"publish","type":"page","link":"https:\/\/leschatsdoc.fr\/","title":{"rendered":"Page accueil"},"content":{"rendered":"\t\t<div data-elementor-type=\"wp-page\" data-elementor-id=\"1128\" class=\"elementor elementor-1128\" data-elementor-post-type=\"page\">\n\t\t\t\t<div class=\"elementor-element elementor-element-c12623e e-flex e-con-boxed e-con e-parent\" data-id=\"c12623e\" data-element_type=\"container\" data-e-type=\"container\">\n\t\t\t\t\t<div class=\"e-con-inner\">\n\t\t\t\t<div class=\"elementor-element elementor-element-c4c19cc elementor-widget elementor-widget-image\" data-id=\"c4c19cc\" data-element_type=\"widget\" data-e-type=\"widget\" data-widget_type=\"image.default\">\n\t\t\t\t<div class=\"elementor-widget-container\">\n\t\t\t\t\t\t\t\t\t\t\t\t\t\t\t<img fetchpriority=\"high\" decoding=\"async\" width=\"512\" height=\"512\" src=\"https:\/\/leschatsdoc.fr\/wp-content\/uploads\/2026\/04\/cropped-logo.jpg\" class=\"attachment-large size-large wp-image-1170\" alt=\"\" srcset=\"https:\/\/leschatsdoc.fr\/wp-content\/uploads\/2026\/04\/cropped-logo.jpg 512w, https:\/\/leschatsdoc.fr\/wp-content\/uploads\/2026\/04\/cropped-logo-300x300.jpg 300w, https:\/\/leschatsdoc.fr\/wp-content\/uploads\/2026\/04\/cropped-logo-150x150.jpg 150w, https:\/\/leschatsdoc.fr\/wp-content\/uploads\/2026\/04\/cropped-logo-270x270.jpg 270w, https:\/\/leschatsdoc.fr\/wp-content\/uploads\/2026\/04\/cropped-logo-192x192.jpg 192w, https:\/\/leschatsdoc.fr\/wp-content\/uploads\/2026\/04\/cropped-logo-180x180.jpg 180w, https:\/\/leschatsdoc.fr\/wp-content\/uploads\/2026\/04\/cropped-logo-32x32.jpg 32w\" sizes=\"(max-width: 512px) 100vw, 512px\" \/>\t\t\t\t\t\t\t\t\t\t\t\t\t\t\t<\/div>\n\t\t\t\t<\/div>\n\t\t\t\t\t<\/div>\n\t\t\t\t<\/div>\n\t\t<div class=\"elementor-element elementor-element-4714852 e-flex e-con-boxed e-con e-parent\" data-id=\"4714852\" data-element_type=\"container\" data-e-type=\"container\">\n\t\t\t\t\t<div class=\"e-con-inner\">\n\t\t\t\t<div class=\"elementor-element elementor-element-a394b0e elementor-widget elementor-widget-spacer\" data-id=\"a394b0e\" data-element_type=\"widget\" data-e-type=\"widget\" data-widget_type=\"spacer.default\">\n\t\t\t\t<div class=\"elementor-widget-container\">\n\t\t\t\t\t\t\t<div class=\"elementor-spacer\">\n\t\t\t<div class=\"elementor-spacer-inner\"><\/div>\n\t\t<\/div>\n\t\t\t\t\t\t<\/div>\n\t\t\t\t<\/div>\n\t\t\t\t\t<\/div>\n\t\t\t\t<\/div>\n\t\t<div class=\"elementor-element elementor-element-8a03080 e-flex e-con-boxed e-con e-parent\" data-id=\"8a03080\" data-element_type=\"container\" data-e-type=\"container\">\n\t\t\t\t\t<div class=\"e-con-inner\">\n\t\t\t\t<div class=\"elementor-element elementor-element-7349911 elementor-widget elementor-widget-heading\" data-id=\"7349911\" data-element_type=\"widget\" data-e-type=\"widget\" data-widget_type=\"heading.default\">\n\t\t\t\t<div class=\"elementor-widget-container\">\n\t\t\t\t\t<h2 class=\"elementor-heading-title elementor-size-default\">ASSOCIATION DES CHATS D'OC RESTINCLIERES BEAULIEU<br><br>Association de protection animale situ\u00e9e dans l'h\u00e9rault (34) - Cr\u00e9\u00e9e en 2021<\/h2>\t\t\t\t<\/div>\n\t\t\t\t<\/div>\n\t\t\t\t\t<\/div>\n\t\t\t\t<\/div>\n\t\t<div class=\"elementor-element elementor-element-2b435c0 e-flex e-con-boxed e-con e-parent\" data-id=\"2b435c0\" data-element_type=\"container\" data-e-type=\"container\">\n\t\t\t\t\t<div class=\"e-con-inner\">\n\t\t\t\t<div class=\"elementor-element elementor-element-adc7f3e elementor-widget elementor-widget-spacer\" data-id=\"adc7f3e\" data-element_type=\"widget\" data-e-type=\"widget\" data-widget_type=\"spacer.default\">\n\t\t\t\t<div class=\"elementor-widget-container\">\n\t\t\t\t\t\t\t<div class=\"elementor-spacer\">\n\t\t\t<div class=\"elementor-spacer-inner\"><\/div>\n\t\t<\/div>\n\t\t\t\t\t\t<\/div>\n\t\t\t\t<\/div>\n\t\t\t\t\t<\/div>\n\t\t\t\t<\/div>\n\t\t<div class=\"elementor-element elementor-element-5f5cc0d e-flex e-con-boxed e-con e-parent\" data-id=\"5f5cc0d\" data-element_type=\"container\" data-e-type=\"container\">\n\t\t\t\t\t<div class=\"e-con-inner\">\n\t\t\t\t\t<\/div>\n\t\t\t\t<\/div>\n\t\t<div class=\"elementor-element elementor-element-27054a2 e-flex e-con-boxed e-con e-parent\" data-id=\"27054a2\" data-element_type=\"container\" data-e-type=\"container\" data-settings=\"{&quot;background_background&quot;:&quot;classic&quot;}\">\n\t\t\t\t\t<div class=\"e-con-inner\">\n\t\t\t\t<div class=\"elementor-element elementor-element-ea91bd5 elementor-widget elementor-widget-heading\" data-id=\"ea91bd5\" data-element_type=\"widget\" data-e-type=\"widget\" data-widget_type=\"heading.default\">\n\t\t\t\t<div class=\"elementor-widget-container\">\n\t\t\t\t\t<h5 class=\"elementor-heading-title elementor-size-default\">NOS PRINCIPALES MISSIONS<\/h5>\t\t\t\t<\/div>\n\t\t\t\t<\/div>\n\t\t<div class=\"elementor-element elementor-element-4104a24 e-con-full e-flex e-con e-child\" data-id=\"4104a24\" data-element_type=\"container\" data-e-type=\"container\">\n\t\t<div class=\"elementor-element elementor-element-02a2d13 e-con-full e-flex e-con e-child\" data-id=\"02a2d13\" data-element_type=\"container\" data-e-type=\"container\">\n\t\t\t\t<div class=\"elementor-element elementor-element-880ce39 elementor-vertical-align-top elementor-widget elementor-widget-image-box\" data-id=\"880ce39\" data-element_type=\"widget\" data-e-type=\"widget\" data-widget_type=\"image-box.default\">\n\t\t\t\t<div class=\"elementor-widget-container\">\n\t\t\t\t\t<div class=\"elementor-image-box-wrapper\"><div class=\"elementor-image-box-content\"><h3 class=\"elementor-image-box-title\">SAUVER ET PROTEGER<\/h3><p class=\"elementor-image-box-description\">Offrir un foyer s\u00fbr \u00e0 chaque chat<\/p><\/div><\/div>\t\t\t\t<\/div>\n\t\t\t\t<\/div>\n\t\t\t\t<div class=\"elementor-element elementor-element-d4569ab elementor-widget elementor-widget-text-editor\" data-id=\"d4569ab\" data-element_type=\"widget\" data-e-type=\"widget\" data-widget_type=\"text-editor.default\">\n\t\t\t\t<div class=\"elementor-widget-container\">\n\t\t\t\t\t\t\t\t\t<p>Nous nous consacrons \u00e0 sauver des chats en d\u00e9tresse, en leur offrant un refuge et des soins adapt\u00e9s. Notre \u00e9quipe veille \u00e0 leur bien-\u00eatre tout en les pr\u00e9parant pour une adoption responsable.<\/p>\t\t\t\t\t\t\t\t<\/div>\n\t\t\t\t<\/div>\n\t\t\t\t<div class=\"elementor-element elementor-element-1162d49 elementor-align-justify elementor-widget__width-inherit elementor-widget elementor-widget-button\" data-id=\"1162d49\" data-element_type=\"widget\" data-e-type=\"widget\" data-widget_type=\"button.default\">\n\t\t\t\t<div class=\"elementor-widget-container\">\n\t\t\t\t\t\t\t\t\t<div class=\"elementor-button-wrapper\">\n\t\t\t\t\t<a class=\"elementor-button elementor-button-link elementor-size-sm\" href=\"#\">\n\t\t\t\t\t\t<span class=\"elementor-button-content-wrapper\">\n\t\t\t\t\t\t\t\t\t<span class=\"elementor-button-text\">EN SAVOIR PLUS<\/span>\n\t\t\t\t\t<\/span>\n\t\t\t\t\t<\/a>\n\t\t\t\t<\/div>\n\t\t\t\t\t\t\t\t<\/div>\n\t\t\t\t<\/div>\n\t\t\t\t<\/div>\n\t\t<div class=\"elementor-element elementor-element-d456881 e-con-full e-flex e-con e-child\" data-id=\"d456881\" data-element_type=\"container\" data-e-type=\"container\">\n\t\t\t\t<div class=\"elementor-element elementor-element-93017eb elementor-vertical-align-top elementor-widget elementor-widget-image-box\" data-id=\"93017eb\" data-element_type=\"widget\" data-e-type=\"widget\" data-widget_type=\"image-box.default\">\n\t\t\t\t<div class=\"elementor-widget-container\">\n\t\t\t\t\t<div class=\"elementor-image-box-wrapper\"><div class=\"elementor-image-box-content\"><h3 class=\"elementor-image-box-title\">SOIGNER<\/h3><p class=\"elementor-image-box-description\">Des soins de qualit\u00e9 pour tous<\/p><\/div><\/div>\t\t\t\t<\/div>\n\t\t\t\t<\/div>\n\t\t\t\t<div class=\"elementor-element elementor-element-549bf82 elementor-widget elementor-widget-text-editor\" data-id=\"549bf82\" data-element_type=\"widget\" data-e-type=\"widget\" data-widget_type=\"text-editor.default\">\n\t\t\t\t<div class=\"elementor-widget-container\">\n\t\t\t\t\t\t\t\t\t<p>Chaque chat m\u00e9rite des soins v\u00e9t\u00e9rinaires complets. Nous assurons des suivis r\u00e9guliers, des vaccinations et des traitements pour garantir leur sant\u00e9 et leur bonheur.<\/p> \t\t\t\t\t\t\t\t<\/div>\n\t\t\t\t<\/div>\n\t\t\t\t<div class=\"elementor-element elementor-element-510ef72 elementor-align-justify elementor-widget__width-inherit elementor-widget elementor-widget-button\" data-id=\"510ef72\" data-element_type=\"widget\" data-e-type=\"widget\" data-widget_type=\"button.default\">\n\t\t\t\t<div class=\"elementor-widget-container\">\n\t\t\t\t\t\t\t\t\t<div class=\"elementor-button-wrapper\">\n\t\t\t\t\t<a class=\"elementor-button elementor-button-link elementor-size-sm\" href=\"#\">\n\t\t\t\t\t\t<span class=\"elementor-button-content-wrapper\">\n\t\t\t\t\t\t\t\t\t<span class=\"elementor-button-text\">EN SAVOIR PLUS<\/span>\n\t\t\t\t\t<\/span>\n\t\t\t\t\t<\/a>\n\t\t\t\t<\/div>\n\t\t\t\t\t\t\t\t<\/div>\n\t\t\t\t<\/div>\n\t\t\t\t<\/div>\n\t\t<div class=\"elementor-element elementor-element-4ac8b37 e-con-full e-flex e-con e-child\" data-id=\"4ac8b37\" data-element_type=\"container\" data-e-type=\"container\">\n\t\t\t\t<div class=\"elementor-element elementor-element-931390f elementor-vertical-align-top elementor-widget elementor-widget-image-box\" data-id=\"931390f\" data-element_type=\"widget\" data-e-type=\"widget\" data-widget_type=\"image-box.default\">\n\t\t\t\t<div class=\"elementor-widget-container\">\n\t\t\t\t\t<div class=\"elementor-image-box-wrapper\"><div class=\"elementor-image-box-content\"><h3 class=\"elementor-image-box-title\">TROUVER UN FOYER<\/h3><p class=\"elementor-image-box-description\">Trouvez votre compagnon id\u00e9al<\/p><\/div><\/div>\t\t\t\t<\/div>\n\t\t\t\t<\/div>\n\t\t\t\t<div class=\"elementor-element elementor-element-dd29440 elementor-widget elementor-widget-text-editor\" data-id=\"dd29440\" data-element_type=\"widget\" data-e-type=\"widget\" data-widget_type=\"text-editor.default\">\n\t\t\t\t<div class=\"elementor-widget-container\">\n\t\t\t\t\t\t\t\t\t<p>Nous aidons les familles \u00e0 trouver l&rsquo;animal qui correspond le mieux \u00e0 leur mode de vie. Chaque adoption est accompagn\u00e9e de conseils pour garantir le bonheur de votre futur compagnon.<\/p> \t\t\t\t\t\t\t\t<\/div>\n\t\t\t\t<\/div>\n\t\t\t\t<div class=\"elementor-element elementor-element-940aebb elementor-align-justify elementor-widget__width-inherit elementor-widget elementor-widget-button\" data-id=\"940aebb\" data-element_type=\"widget\" data-e-type=\"widget\" data-widget_type=\"button.default\">\n\t\t\t\t<div class=\"elementor-widget-container\">\n\t\t\t\t\t\t\t\t\t<div class=\"elementor-button-wrapper\">\n\t\t\t\t\t<a class=\"elementor-button elementor-button-link elementor-size-sm\" href=\"#\">\n\t\t\t\t\t\t<span class=\"elementor-button-content-wrapper\">\n\t\t\t\t\t\t\t\t\t<span class=\"elementor-button-text\">EN SAVOIR PLUS<\/span>\n\t\t\t\t\t<\/span>\n\t\t\t\t\t<\/a>\n\t\t\t\t<\/div>\n\t\t\t\t\t\t\t\t<\/div>\n\t\t\t\t<\/div>\n\t\t\t\t<\/div>\n\t\t\t\t<\/div>\n\t\t\t\t\t<\/div>\n\t\t\t\t<\/div>\n\t\t<div class=\"elementor-element elementor-element-54a30ce e-grid e-con-boxed e-con e-parent\" data-id=\"54a30ce\" data-element_type=\"container\" data-e-type=\"container\">\n\t\t\t\t\t<div class=\"e-con-inner\">\n\t\t\t\t<div class=\"elementor-element elementor-element-71fe22d elementor-widget elementor-widget-image\" data-id=\"71fe22d\" data-element_type=\"widget\" data-e-type=\"widget\" data-widget_type=\"image.default\">\n\t\t\t\t<div class=\"elementor-widget-container\">\n\t\t\t\t\t\t\t\t\t\t\t\t\t\t\t<img decoding=\"async\" width=\"800\" height=\"800\" src=\"https:\/\/leschatsdoc.fr\/wp-content\/uploads\/2026\/04\/photos-chatons-1024x1024.png\" class=\"attachment-large size-large wp-image-1274\" alt=\"\" srcset=\"https:\/\/leschatsdoc.fr\/wp-content\/uploads\/2026\/04\/photos-chatons-1024x1024.png 1024w, https:\/\/leschatsdoc.fr\/wp-content\/uploads\/2026\/04\/photos-chatons-300x300.png 300w, https:\/\/leschatsdoc.fr\/wp-content\/uploads\/2026\/04\/photos-chatons-150x150.png 150w, https:\/\/leschatsdoc.fr\/wp-content\/uploads\/2026\/04\/photos-chatons-768x768.png 768w, https:\/\/leschatsdoc.fr\/wp-content\/uploads\/2026\/04\/photos-chatons.png 1200w\" sizes=\"(max-width: 800px) 100vw, 800px\" \/>\t\t\t\t\t\t\t\t\t\t\t\t\t\t\t<\/div>\n\t\t\t\t<\/div>\n\t\t\t\t<div class=\"elementor-element elementor-element-1cf12e7 elementor-widget elementor-widget-image\" data-id=\"1cf12e7\" data-element_type=\"widget\" data-e-type=\"widget\" data-widget_type=\"image.default\">\n\t\t\t\t<div class=\"elementor-widget-container\">\n\t\t\t\t\t\t\t\t\t\t\t\t\t\t\t<img decoding=\"async\" width=\"800\" height=\"800\" src=\"https:\/\/leschatsdoc.fr\/wp-content\/uploads\/2026\/04\/photo-soin-accueil-1024x1024.png\" class=\"attachment-large size-large wp-image-1273\" alt=\"\" srcset=\"https:\/\/leschatsdoc.fr\/wp-content\/uploads\/2026\/04\/photo-soin-accueil-1024x1024.png 1024w, https:\/\/leschatsdoc.fr\/wp-content\/uploads\/2026\/04\/photo-soin-accueil-300x300.png 300w, https:\/\/leschatsdoc.fr\/wp-content\/uploads\/2026\/04\/photo-soin-accueil-150x150.png 150w, https:\/\/leschatsdoc.fr\/wp-content\/uploads\/2026\/04\/photo-soin-accueil-768x768.png 768w, https:\/\/leschatsdoc.fr\/wp-content\/uploads\/2026\/04\/photo-soin-accueil.png 1200w\" sizes=\"(max-width: 800px) 100vw, 800px\" \/>\t\t\t\t\t\t\t\t\t\t\t\t\t\t\t<\/div>\n\t\t\t\t<\/div>\n\t\t\t\t<div class=\"elementor-element elementor-element-6df1a50 elementor-widget elementor-widget-image\" data-id=\"6df1a50\" data-element_type=\"widget\" data-e-type=\"widget\" data-widget_type=\"image.default\">\n\t\t\t\t<div class=\"elementor-widget-container\">\n\t\t\t\t\t\t\t\t\t\t\t\t\t\t\t<img loading=\"lazy\" decoding=\"async\" width=\"800\" height=\"800\" src=\"https:\/\/leschatsdoc.fr\/wp-content\/uploads\/2026\/04\/Adoption-1024x1024.png\" class=\"attachment-large size-large wp-image-1275\" alt=\"\" srcset=\"https:\/\/leschatsdoc.fr\/wp-content\/uploads\/2026\/04\/Adoption-1024x1024.png 1024w, https:\/\/leschatsdoc.fr\/wp-content\/uploads\/2026\/04\/Adoption-300x300.png 300w, https:\/\/leschatsdoc.fr\/wp-content\/uploads\/2026\/04\/Adoption-150x150.png 150w, https:\/\/leschatsdoc.fr\/wp-content\/uploads\/2026\/04\/Adoption-768x768.png 768w, https:\/\/leschatsdoc.fr\/wp-content\/uploads\/2026\/04\/Adoption.png 1200w\" sizes=\"(max-width: 800px) 100vw, 800px\" \/>\t\t\t\t\t\t\t\t\t\t\t\t\t\t\t<\/div>\n\t\t\t\t<\/div>\n\t\t\t\t\t<\/div>\n\t\t\t\t<\/div>\n\t\t<div class=\"elementor-element elementor-element-ff5af25 e-flex e-con-boxed e-con e-parent\" data-id=\"ff5af25\" data-element_type=\"container\" data-e-type=\"container\">\n\t\t\t\t\t<div class=\"e-con-inner\">\n\t\t\t\t<div class=\"elementor-element elementor-element-93ab093 elementor-widget elementor-widget-spacer\" data-id=\"93ab093\" data-element_type=\"widget\" data-e-type=\"widget\" data-widget_type=\"spacer.default\">\n\t\t\t\t<div class=\"elementor-widget-container\">\n\t\t\t\t\t\t\t<div class=\"elementor-spacer\">\n\t\t\t<div class=\"elementor-spacer-inner\"><\/div>\n\t\t<\/div>\n\t\t\t\t\t\t<\/div>\n\t\t\t\t<\/div>\n\t\t\t\t\t<\/div>\n\t\t\t\t<\/div>\n\t\t<div class=\"elementor-element elementor-element-394e6a9 e-flex e-con-boxed e-con e-parent\" data-id=\"394e6a9\" data-element_type=\"container\" data-e-type=\"container\">\n\t\t\t\t\t<div class=\"e-con-inner\">\n\t\t\t\t<div class=\"elementor-element elementor-element-6b93273 elementor-widget-divider--view-line elementor-widget elementor-widget-divider\" data-id=\"6b93273\" data-element_type=\"widget\" data-e-type=\"widget\" data-widget_type=\"divider.default\">\n\t\t\t\t<div class=\"elementor-widget-container\">\n\t\t\t\t\t\t\t<div class=\"elementor-divider\">\n\t\t\t<span class=\"elementor-divider-separator\">\n\t\t\t\t\t\t<\/span>\n\t\t<\/div>\n\t\t\t\t\t\t<\/div>\n\t\t\t\t<\/div>\n\t\t\t\t\t<\/div>\n\t\t\t\t<\/div>\n\t\t<div class=\"elementor-element elementor-element-9bb9d19 e-flex e-con-boxed e-con e-parent\" data-id=\"9bb9d19\" data-element_type=\"container\" data-e-type=\"container\">\n\t\t\t\t\t<div class=\"e-con-inner\">\n\t\t\t\t<div class=\"elementor-element elementor-element-b256d2b elementor-widget elementor-widget-heading\" data-id=\"b256d2b\" data-element_type=\"widget\" data-e-type=\"widget\" data-widget_type=\"heading.default\">\n\t\t\t\t<div class=\"elementor-widget-container\">\n\t\t\t\t\t<h2 class=\"elementor-heading-title elementor-size-default\">QUELQUES CHIFFRES DEPUIS 2021...<\/h2>\t\t\t\t<\/div>\n\t\t\t\t<\/div>\n\t\t\t\t\t<\/div>\n\t\t\t\t<\/div>\n\t\t<div class=\"elementor-element elementor-element-4f4119b e-flex e-con-boxed e-con e-parent\" data-id=\"4f4119b\" data-element_type=\"container\" data-e-type=\"container\">\n\t\t\t\t\t<div class=\"e-con-inner\">\n\t\t\t\t<div class=\"elementor-element elementor-element-e8c1553 elementor-widget elementor-widget-spacer\" data-id=\"e8c1553\" data-element_type=\"widget\" data-e-type=\"widget\" data-widget_type=\"spacer.default\">\n\t\t\t\t<div class=\"elementor-widget-container\">\n\t\t\t\t\t\t\t<div class=\"elementor-spacer\">\n\t\t\t<div class=\"elementor-spacer-inner\"><\/div>\n\t\t<\/div>\n\t\t\t\t\t\t<\/div>\n\t\t\t\t<\/div>\n\t\t\t\t\t<\/div>\n\t\t\t\t<\/div>\n\t\t<div class=\"elementor-element elementor-element-9608478 e-grid e-con-boxed e-con e-parent\" data-id=\"9608478\" data-element_type=\"container\" data-e-type=\"container\">\n\t\t\t\t\t<div class=\"e-con-inner\">\n\t\t\t\t<div class=\"elementor-element elementor-element-d1ca173 elementor-widget elementor-widget-counter\" data-id=\"d1ca173\" data-element_type=\"widget\" data-e-type=\"widget\" data-widget_type=\"counter.default\">\n\t\t\t\t<div class=\"elementor-widget-container\">\n\t\t\t\t\t\t\t<div class=\"elementor-counter\">\n\t\t\t\t\t\t<div class=\"elementor-counter-number-wrapper\">\n\t\t\t\t<span class=\"elementor-counter-number-prefix\"><\/span>\n\t\t\t\t<span class=\"elementor-counter-number\" data-duration=\"2000\" data-to-value=\"250\" data-from-value=\"0\" data-delimiter=\",\">0<\/span>\n\t\t\t\t<span class=\"elementor-counter-number-suffix\"><\/span>\n\t\t\t<\/div>\n\t\t<\/div>\n\t\t\t\t\t\t<\/div>\n\t\t\t\t<\/div>\n\t\t\t\t<div class=\"elementor-element elementor-element-f0da309 elementor-widget elementor-widget-counter\" data-id=\"f0da309\" data-element_type=\"widget\" data-e-type=\"widget\" data-widget_type=\"counter.default\">\n\t\t\t\t<div class=\"elementor-widget-container\">\n\t\t\t\t\t\t\t<div class=\"elementor-counter\">\n\t\t\t\t\t\t<div class=\"elementor-counter-number-wrapper\">\n\t\t\t\t<span class=\"elementor-counter-number-prefix\"><\/span>\n\t\t\t\t<span class=\"elementor-counter-number\" data-duration=\"2000\" data-to-value=\"350\" data-from-value=\"0\" data-delimiter=\",\">0<\/span>\n\t\t\t\t<span class=\"elementor-counter-number-suffix\"><\/span>\n\t\t\t<\/div>\n\t\t<\/div>\n\t\t\t\t\t\t<\/div>\n\t\t\t\t<\/div>\n\t\t\t\t<div class=\"elementor-element elementor-element-f795db3 elementor-widget elementor-widget-counter\" data-id=\"f795db3\" data-element_type=\"widget\" data-e-type=\"widget\" data-widget_type=\"counter.default\">\n\t\t\t\t<div class=\"elementor-widget-container\">\n\t\t\t\t\t\t\t<div class=\"elementor-counter\">\n\t\t\t\t\t\t<div class=\"elementor-counter-number-wrapper\">\n\t\t\t\t<span class=\"elementor-counter-number-prefix\"><\/span>\n\t\t\t\t<span class=\"elementor-counter-number\" data-duration=\"2000\" data-to-value=\"60\" data-from-value=\"0\" data-delimiter=\",\">0<\/span>\n\t\t\t\t<span class=\"elementor-counter-number-suffix\"><\/span>\n\t\t\t<\/div>\n\t\t<\/div>\n\t\t\t\t\t\t<\/div>\n\t\t\t\t<\/div>\n\t\t\t\t<div class=\"elementor-element elementor-element-25c406a elementor-widget elementor-widget-text-editor\" data-id=\"25c406a\" data-element_type=\"widget\" data-e-type=\"widget\" data-widget_type=\"text-editor.default\">\n\t\t\t\t<div class=\"elementor-widget-container\">\n\t\t\t\t\t\t\t\t\t<h3>Chats pris en charge et surveill\u00e9s<\/h3>\t\t\t\t\t\t\t\t<\/div>\n\t\t\t\t<\/div>\n\t\t\t\t<div class=\"elementor-element elementor-element-b1d2ad4 elementor-widget elementor-widget-text-editor\" data-id=\"b1d2ad4\" data-element_type=\"widget\" data-e-type=\"widget\" data-widget_type=\"text-editor.default\">\n\t\t\t\t<div class=\"elementor-widget-container\">\n\t\t\t\t\t\t\t\t\t<h3>Chats adopt\u00e9s<\/h3>\t\t\t\t\t\t\t\t<\/div>\n\t\t\t\t<\/div>\n\t\t\t\t<div class=\"elementor-element elementor-element-7ed0fbb elementor-widget elementor-widget-text-editor\" data-id=\"7ed0fbb\" data-element_type=\"widget\" data-e-type=\"widget\" data-widget_type=\"text-editor.default\">\n\t\t\t\t<div class=\"elementor-widget-container\">\n\t\t\t\t\t\t\t\t\t<h3>B\u00e9n\u00e9voles engag\u00e9s<\/h3>\t\t\t\t\t\t\t\t<\/div>\n\t\t\t\t<\/div>\n\t\t\t\t\t<\/div>\n\t\t\t\t<\/div>\n\t\t<div class=\"elementor-element elementor-element-45e2df3 e-flex e-con-boxed e-con e-parent\" data-id=\"45e2df3\" data-element_type=\"container\" data-e-type=\"container\">\n\t\t\t\t\t<div class=\"e-con-inner\">\n\t\t\t\t<div class=\"elementor-element elementor-element-7c2cfff elementor-widget-divider--view-line elementor-widget elementor-widget-divider\" data-id=\"7c2cfff\" data-element_type=\"widget\" data-e-type=\"widget\" data-widget_type=\"divider.default\">\n\t\t\t\t<div class=\"elementor-widget-container\">\n\t\t\t\t\t\t\t<div class=\"elementor-divider\">\n\t\t\t<span class=\"elementor-divider-separator\">\n\t\t\t\t\t\t<\/span>\n\t\t<\/div>\n\t\t\t\t\t\t<\/div>\n\t\t\t\t<\/div>\n\t\t\t\t\t<\/div>\n\t\t\t\t<\/div>\n\t\t\t\t<\/div>\n\t\t","protected":false},"excerpt":{"rendered":"<p>ASSOCIATION DES CHATS D&rsquo;OC RESTINCLIERES BEAULIEU Association de protection animale situ\u00e9e dans l&rsquo;h\u00e9rault (34) &#8211; Cr\u00e9\u00e9e en 2021 NOS PRINCIPALES MISSIONS SAUVER ET PROTEGER Offrir un foyer s\u00fbr \u00e0 chaque chat Nous nous consacrons \u00e0 sauver des chats en d\u00e9tresse, en leur offrant un refuge et des soins adapt\u00e9s. Notre \u00e9quipe veille \u00e0 leur bien-\u00eatre [&hellip;]<\/p>\n","protected":false},"author":1,"featured_media":0,"parent":0,"menu_order":0,"comment_status":"closed","ping_status":"closed","template":"","meta":{"give_campaign_id":0,"footnotes":""},"class_list":["post-1128","page","type-page","status-publish","hentry"],"campaignId":"","_links":{"self":[{"href":"https:\/\/leschatsdoc.fr\/index.php?rest_route=\/wp\/v2\/pages\/1128","targetHints":{"allow":["GET"]}}],"collection":[{"href":"https:\/\/leschatsdoc.fr\/index.php?rest_route=\/wp\/v2\/pages"}],"about":[{"href":"https:\/\/leschatsdoc.fr\/index.php?rest_route=\/wp\/v2\/types\/page"}],"author":[{"embeddable":true,"href":"https:\/\/leschatsdoc.fr\/index.php?rest_route=\/wp\/v2\/users\/1"}],"replies":[{"embeddable":true,"href":"https:\/\/leschatsdoc.fr\/index.php?rest_route=%2Fwp%2Fv2%2Fcomments&post=1128"}],"version-history":[{"count":50,"href":"https:\/\/leschatsdoc.fr\/index.php?rest_route=\/wp\/v2\/pages\/1128\/revisions"}],"predecessor-version":[{"id":1297,"href":"https:\/\/leschatsdoc.fr\/index.php?rest_route=\/wp\/v2\/pages\/1128\/revisions\/1297"}],"wp:attachment":[{"href":"https:\/\/leschatsdoc.fr\/index.php?rest_route=%2Fwp%2Fv2%2Fmedia&parent=1128"}],"curies":[{"name":"wp","href":"https:\/\/api.w.org\/{rel}","templated":true}]}}